ue
Does 17 divide 60554?
True
Is 141 a factor of 1549167?
True
Does 1276 divide 2211308?
True
Does 105 divide 2236456?
False
Is 804 a factor of 2039748?
True
Is 394643 a multiple of 281?
False
Is 4059135 a multiple of 188?
False
Does 6 divide 508766?
False
Is 98919 a multiple of 9?
True
Is 17 a factor of 10225?
False
Is 94 a factor of 15878456?
False
Is 179765 a multiple of 12?
False
Is 5 a factor of 391435?
True
Is 434 a factor of 263872?
True
Does 30 divide 178740?
True
Does 11 divide 896918?
True
Does 55 divide 85030?
True
Is 11 a factor of 477243?
False
Is 301 a factor of 553072?
False
Is 1133870 a multiple of 6?
False
Is 747217 a multiple of 165?
False
Is 568871 a multiple of 111?
False
Is 30 a factor of 305086?
False
Does 9 divide 4293189?
True
Is 18 a factor of 670050?
True
Is 4330581 a multiple of 383?
True
Does 83 divide 1972744?
True
Does 639 divide 917588?
False
Does 60 divide 6900?
True
Does 59 divide 14229995?
False
Is 18 a factor of 688202?
False
Is 13 a factor of 2948257?
True
Is 42 a factor of 126588?
True
Is 2068275 a multiple of 109?
True
Is 894475 a multiple of 37?
True
Does 58 divide 49899?
False
Is 12 a factor of 44454?
False
Is 209 a factor of 19898681?
True
Does 66 divide 14706814?
False
Is 13 a factor of 558765?
False
Is 283369 a multiple of 8?
False
Is 1853761 a multiple of 678?
False
Does 18 divide 4196?
False
Is 213440 a multiple of 368?
True
Does 675 divide 718630?
False
Is 1075650 a multiple of 10?
True
Is 8 a factor of 59550?
False
Is 236573 a multiple of 8?
False
Is 7 a factor of 62367?
False
Does 57 divide 2584494?
True
Is 228879 a multiple of 27?
True
Is 79 a factor of 2059767?
True
Does 20 divide 117780?
True
Does 32 divide 4545323?
False
Is 10522320 a multiple of 204?
True
Does 641 divide 3098594?
True
Is 18 a factor of 7502279?
False
Is 12 a factor of 31521?
False
Is 421577 a multiple of 272?
False
Does 84 divide 1626576?
True
Is 70 a factor of 162610?
True
Does 15 divide 244875?
True
Is 4711158 a multiple of 41?
False
Does 444 divide 2671104?
True
Is 25032 a multiple of 56?
True
Does 5 divide 24421?
False
Is 91960 a multiple of 76?
True
Is 68724 a multiple of 3?
True
Is 3385564 a multiple of 127?
False
Is 4779956 a multiple of 37?
True
Does 3 divide 2314582?
False
Is 160750 a multiple of 50?
True
Does 55 divide 1885499?
False
Is 81798 a multiple of 6?
True
Is 232 a factor of 1401859?
False
Does 171 divide 506400?
False
Does 54 divide 1764396?
True
Is 38000580 a multiple of 30?
True
Is 39 a factor of 214999?
False
Does 10 divide 13190?
True
Does 50 divide 391755?
False
Is 389 a factor of 1213394?
False
Does 92 divide 985874?
False
Is 18 a factor of 1668415?
False
Is 533843 a multiple of 7?
False
Is 52 a factor of 75868?
True
Does 11 divide 937861?
False
Is 11 a factor of 201267?
True
Does 279 divide 209650?
False
Does 211 divide 4296382?
True
Is 710368 a multiple of 9?
False
Is 550704 a multiple of 447?
True
Is 802 a factor of 1128269?
False
Does 44 divide 13405862?
False
Is 184783 a multiple of 257?
True
Is 21 a factor of 8391561?
False
Is 1647861 a multiple of 79?
True
Is 753172 a multiple of 148?
True
Is 1271804 a multiple of 9?
False
Is 6752 a multiple of 8?
True
Is 50 a factor of 1800329?
False
Does 22 divide 358853?
False
Does 32 divide 3362464?
True
Is 1987882 a multiple of 917?
False
Does 25 divide 134472?
False
Is 2 a factor of 19590?
True
Is 306490 a multiple of 3?
False
Does 127 divide 20120?
False
Does 20 divide 110120?
True
Is 15 a factor of 28410?
True
Does 45 divide 627981?
False
Is 724 a factor of 146073?
False
Does 98 divide 183620?
False
Does 23 divide 34269816?
True
Is 1800476 a multiple of 9?
False
Is 8 a factor of 71555?
False
Does 21 divide 401552?
False
Is 628442 a multiple of 6?
False
Does 4 divide 25093?
False
Is 10 a factor of 516798?
False
Does 119 divide 142910?
False
Does 109 divide 604484?
False
Is 241010 a multiple of 70?
True
Is 72677 a multiple of 120?
False
Is 23 a factor of 977891?
True
Is 152080 a multiple of 83?
False
Is 134082 a multiple of 26?
True
Is 32 a factor of 77159?
False
Does 576 divide 1484533?
False
Does 241 divide 6930?
False
Is 54 a factor of 74034?
True
Is 126 a factor of 276750?
False
Is 37331 a multiple of 16?
False
Does 149 divide 1553631?
False
Is 12 a factor of 130687?
False
Does 28 divide 656396?
False
Is 299794 even?
True
Is 97 a factor of 3407375?
False
Is 173 a factor of 10081652?
False
Is 2334556 a multiple of 49?
True
Is 164630 a multiple of 31?
False
Is 11 a factor of 2860?
True
Is 181298 a multiple of 5?
False
Is 165880 a multiple of 116?
True
Is 1249277 a multiple of 257?
True
Does 27 divide 11526111?
True
Does 401 divide 1420342?
True
Does 469 divide 1243678?
False
Is 27156 a multiple of 162?
False
Is 55 a factor of 3092908?
False
Does 15 divide 19659?
False
Is 34918 a multiple of 442?
True
Is 3650700 a multiple of 100?
True
Does 11 divide 3262813?
False
Is 106505 a multiple of 7?
True
Is 11 a factor of 24064?
False
Is 16 a factor of 75927?
False
Does 30 divide 7756101?
False
Does 220 divide 66180?
False
Is 13 a factor of 48451?
True
Does 169 divide 32012?
False
Is 10 a factor of 200740?
True
Is 90845 even?
False
Is 374 a factor of 1728628?
True
Is 56294 a multiple of 14?
True
Is 86 a factor of 6234914?
True
Is 1125940 a multiple of 95?
True
Does 18 divide 13771?
False
Is 14 a factor of 60382?
True
Is 22 a factor of 142208?
True
Does 417 divide 616291?
False
Does 73 divide 150307?
True
Is 26 a factor of 13295334?
True
Is 491140 a multiple of 65?
True
Is 17 a factor of 2066435?
True
Is 2356 a multiple of 4?
True
Is 141400 a multiple of 200?
True
Is 17 a factor of 1339753?
True
Is 7845432 a multiple of 67?
True
Is 161040 a multiple of 60?
True
Does 243 divide 90396?
True
Is 22 a factor of 100328?
False
Is 15 a factor of 5564730?
True
Does 72 divide 118292?
False
Is 275 a factor of 77275?
True
Does 81 divide 14931945?
True
Is 1355230 a multiple of 126?
False
Is 356 a factor of 515132?
True
Is 3 a factor of 1553338?
False
Is 169 a factor of 168397?
False
Does 258 divide 240657?
False
Does 66 divide 164889?
False
Is 119537 a multiple of 5?
False
Is 9 a factor of 7471899?
True
Does 11 divide 5174?
False
Is 14615 a multiple of 79?
True
Is 5586302 a multiple of 11?
False
Does 63 divide 195395?
False
Does 391 divide 293250?
True
Is 52 a factor of 132080?
True
Is 2926152 a multiple of 138?
True
Is 68 a factor of 1087778?
False
Does 128 divide 1124480?
True
Does 29 divide 1536148?
False
Is 130 a factor of 641175?
False
Is 522356 a multiple of 309?
False
Is 41 a factor of 39745?
False
Is 515706 a multiple of 46?
True
Is 6434401 a multiple of 1273?
False
Does 26 divide 536516?
False
Is 133 a factor of 20482?
True
Is 127872 a multiple of 576?
True
Is 15 a factor of 148620?
True
Does 216 divide 914608?
False
Is 21 a factor of 445893?
True
Is 3 a factor of 8825215?
False
Does 561 divide 8218923?
False
Is 17 a factor of 250902?
False
Does 47 divide 524520?
True
Is 40 a factor of 494212?
False
Is 354064 a multiple of 4?
True
Does 103 divide 531068?
True
Is 87471 a multiple of 66?
False
Does 3 divide 440489?
False
Does 462 divide 2113650?
True
Does 9 divide 1513944?
True
Is 156 a factor of 275340?
True
Is 31 a factor of 596433?
False
Is 22 a factor of 1364319?
False
Is 6 a factor of 9807?
False
Is 1545453 a multiple of 351?
True
Is 6640344 a multiple of 2?
True
Does 113 divide 4063480?
True
Is 2972846 a multiple of 193?
False
Does 37 divide 10875?
False
Is 22 a factor of 1496616?
True
Is 421 a factor of 35364?
True
Is 549546 a multiple of 49?
False
Is 2707292 a multiple of 14?
True
Does 306 divide 604350?
True
Does 362 divide 3441172?
True
Is 173142 a multiple of 11?
False
Is 23 a factor of 11709921?
True
Is 985446 a multiple of 693?
True
Does 6 divide 168977?
False
Is 37652 a multiple of 613?
False
Is 144858 a multiple of 42?
True
Is 981288 a multiple of 41?
False
Does 93 divide 18876238?
False
Is 111517 a multiple of 89?
True
Is 323696 a multiple of 647?
False
Does 233 divide 6636073?
True
Is 91 a factor of 3126?
False
Is 253 a factor of 145728?
True
Is 86 a factor of 1291283?
False
Is 1907516 a multiple of 5?
False
Is 490 a factor of 4839824?
False
Is 20 a factor of 33923989?
False
Is 102 a factor of 1214617?
False
Is 51 a factor of 17871063?
True
Is 22